{"id":73,"date":"2020-02-25T13:49:02","date_gmt":"2020-02-25T13:49:02","guid":{"rendered":"https:\/\/www.plenio-online.de\/?page_id=73"},"modified":"2020-03-20T13:18:45","modified_gmt":"2020-03-20T13:18:45","slug":"laptop-mit-simplen-trick-wieder-funktionstuechtig-machen","status":"publish","type":"page","link":"https:\/\/www.plenio-online.de\/index.php\/laptop-mit-simplen-trick-wieder-funktionstuechtig-machen\/","title":{"rendered":"Laptop mit simplen Trick wieder funktionst\u00fcchtig machen"},"content":{"rendered":"\n<p>Der Schreck sitzt tief&#8230; Man m\u00f6chte seinen teuren Laptop \/ Notebook wieder anschalten und was passiert? Nichts oder nicht viel. Im folgenden Beispiel wurde das Windows Funktionsupdate 1909 installiert, leider \u00fcber den Akku und dieser hat w\u00e4hrend des Update Vorganges den Geist aufgegeben.<\/p>\n\n\n\n<p>Anstatt aber ruhig zu bleiben hat der Kunde direkt noch wie wild den An- und Ausschalter gedr\u00fcckt und somit noch eine fatale Kettenreaktion ausgel\u00f6st.<\/p>\n\n\n\n<p>Das der Bildschirm schwarz bleibt obwohl der Rechner h\u00f6rbar startet bzw. versucht zu starten geschieht aber sehr h\u00e4ufig. Und bevor man seinen teuren Laptop wegschmei\u00dft sollte man unbedingt einen Fachmann drauf schauen lassen.<\/p>\n\n\n\n<p>Der Laptop dieses Kunden zum Beispiel war gerade einmal 2 1\/2 Jahre alt und in der Neuanschaffung sehr teuer. <\/p>\n\n\n\n<div class=\"wp-block-themeisle-blocks-advanced-columns has-1-columns has-desktop-equal-layout has-tablet-equal-layout has-mobile-equal-layout has-default-gap has-vertical-unset\" id=\"wp-block-themeisle-blocks-advanced-columns-0cc27b41\"><div class=\"wp-block-themeisle-blocks-advanced-columns-overlay\"><\/div><div class=\"innerblocks-wrap\">\n<div class=\"wp-block-themeisle-blocks-advanced-column\" id=\"wp-block-themeisle-blocks-advanced-column-c7070b28\">\n<figure class=\"wp-block-image size-large\"><img loading=\"lazy\" decoding=\"async\" width=\"1024\" height=\"686\" data-attachment-id=\"75\" data-permalink=\"https:\/\/www.plenio-online.de\/index.php\/laptop-mit-simplen-trick-wieder-funktionstuechtig-machen\/laptop1\/\" data-orig-file=\"https:\/\/www.plenio-online.de\/wp-content\/uploads\/2020\/02\/Laptop1.jpg\" data-orig-size=\"2500,1675\" data-comments-opened=\"1\" data-image-meta=\"{&quot;aperture&quot;:&quot;0&quot;,&quot;credit&quot;:&quot;&quot;,&quot;camera&quot;:&quot;&quot;,&quot;caption&quot;:&quot;&quot;,&quot;created_timestamp&quot;:&quot;0&quot;,&quot;copyright&quot;:&quot;&quot;,&quot;focal_length&quot;:&quot;0&quot;,&quot;iso&quot;:&quot;0&quot;,&quot;shutter_speed&quot;:&quot;0&quot;,&quot;title&quot;:&quot;&quot;,&quot;orientation&quot;:&quot;0&quot;}\" data-image-title=\"Laptop1\" data-image-description=\"\" data-image-caption=\"\" data-medium-file=\"https:\/\/www.plenio-online.de\/wp-content\/uploads\/2020\/02\/Laptop1-300x201.jpg\" data-large-file=\"https:\/\/www.plenio-online.de\/wp-content\/uploads\/2020\/02\/Laptop1-1024x686.jpg\" src=\"https:\/\/www.plenio-online.de\/wp-content\/uploads\/2020\/02\/Laptop1-1024x686.jpg\" alt=\"\" class=\"wp-image-75\" srcset=\"https:\/\/www.plenio-online.de\/wp-content\/uploads\/2020\/02\/Laptop1-1024x686.jpg 1024w, https:\/\/www.plenio-online.de\/wp-content\/uploads\/2020\/02\/Laptop1-230x154.jpg 230w, https:\/\/www.plenio-online.de\/wp-content\/uploads\/2020\/02\/Laptop1-600x402.jpg 600w, https:\/\/www.plenio-online.de\/wp-content\/uploads\/2020\/02\/Laptop1-300x201.jpg 300w, https:\/\/www.plenio-online.de\/wp-content\/uploads\/2020\/02\/Laptop1-768x515.jpg 768w, https:\/\/www.plenio-online.de\/wp-content\/uploads\/2020\/02\/Laptop1-1536x1029.jpg 1536w, https:\/\/www.plenio-online.de\/wp-content\/uploads\/2020\/02\/Laptop1-2048x1372.jpg 2048w, https:\/\/www.plenio-online.de\/wp-content\/uploads\/2020\/02\/Laptop1-360x240.jpg 360w\" sizes=\"(max-width: 1024px) 100vw, 1024px\" \/><figcaption> Zuerst einmal muss man den Laptop \u00f6ffnen, dazu entfernt man an der Unterseite alle sichtbaren Schrauben, entfernt alle vorhanden Abdeckungen und hebelt dann vorsichtig den unteren Teil ab. Ausserdem entfernt man alle Festplatten\/Steckkarten\/Ram Riegel die man sieht.<\/figcaption><\/figure>\n<\/div>\n<\/div><\/div>\n\n\n\n<figure class=\"wp-block-gallery columns-2 is-cropped wp-block-gallery-1 is-layout-flex wp-block-gallery-is-layout-flex\"><ul class=\"blocks-gallery-grid\"><li class=\"blocks-gallery-item\"><figure><img loading=\"lazy\" decoding=\"async\" width=\"1024\" height=\"649\" data-attachment-id=\"76\" data-permalink=\"https:\/\/www.plenio-online.de\/index.php\/laptop-mit-simplen-trick-wieder-funktionstuechtig-machen\/laptop2\/\" data-orig-file=\"https:\/\/www.plenio-online.de\/wp-content\/uploads\/2020\/02\/Laptop2.jpg\" data-orig-size=\"2500,1584\" data-comments-opened=\"1\" data-image-meta=\"{&quot;aperture&quot;:&quot;0&quot;,&quot;credit&quot;:&quot;&quot;,&quot;camera&quot;:&quot;&quot;,&quot;caption&quot;:&quot;&quot;,&quot;created_timestamp&quot;:&quot;0&quot;,&quot;copyright&quot;:&quot;&quot;,&quot;focal_length&quot;:&quot;0&quot;,&quot;iso&quot;:&quot;0&quot;,&quot;shutter_speed&quot;:&quot;0&quot;,&quot;title&quot;:&quot;&quot;,&quot;orientation&quot;:&quot;0&quot;}\" data-image-title=\"Laptop2\" data-image-description=\"\" data-image-caption=\"\" data-medium-file=\"https:\/\/www.plenio-online.de\/wp-content\/uploads\/2020\/02\/Laptop2-300x190.jpg\" data-large-file=\"https:\/\/www.plenio-online.de\/wp-content\/uploads\/2020\/02\/Laptop2-1024x649.jpg\" src=\"https:\/\/www.plenio-online.de\/wp-content\/uploads\/2020\/02\/Laptop2-1024x649.jpg\" alt=\"\" data-id=\"76\" data-full-url=\"https:\/\/www.plenio-online.de\/wp-content\/uploads\/2020\/02\/Laptop2.jpg\" data-link=\"https:\/\/www.plenio-online.de\/?attachment_id=76\" class=\"wp-image-76\" srcset=\"https:\/\/www.plenio-online.de\/wp-content\/uploads\/2020\/02\/Laptop2-1024x649.jpg 1024w, https:\/\/www.plenio-online.de\/wp-content\/uploads\/2020\/02\/Laptop2-230x146.jpg 230w, https:\/\/www.plenio-online.de\/wp-content\/uploads\/2020\/02\/Laptop2-600x380.jpg 600w, https:\/\/www.plenio-online.de\/wp-content\/uploads\/2020\/02\/Laptop2-300x190.jpg 300w, https:\/\/www.plenio-online.de\/wp-content\/uploads\/2020\/02\/Laptop2-768x487.jpg 768w, https:\/\/www.plenio-online.de\/wp-content\/uploads\/2020\/02\/Laptop2-1536x973.jpg 1536w, https:\/\/www.plenio-online.de\/wp-content\/uploads\/2020\/02\/Laptop2-2048x1298.jpg 2048w\" sizes=\"(max-width: 1024px) 100vw, 1024px\" \/><\/figure><\/li><li class=\"blocks-gallery-item\"><figure><img loading=\"lazy\" decoding=\"async\" width=\"1024\" height=\"683\" data-attachment-id=\"77\" data-permalink=\"https:\/\/www.plenio-online.de\/index.php\/laptop-mit-simplen-trick-wieder-funktionstuechtig-machen\/laptop3\/\" data-orig-file=\"https:\/\/www.plenio-online.de\/wp-content\/uploads\/2020\/02\/Laptop3.jpg\" data-orig-size=\"2500,1667\" data-comments-opened=\"1\" data-image-meta=\"{&quot;aperture&quot;:&quot;0&quot;,&quot;credit&quot;:&quot;&quot;,&quot;camera&quot;:&quot;&quot;,&quot;caption&quot;:&quot;&quot;,&quot;created_timestamp&quot;:&quot;0&quot;,&quot;copyright&quot;:&quot;&quot;,&quot;focal_length&quot;:&quot;0&quot;,&quot;iso&quot;:&quot;0&quot;,&quot;shutter_speed&quot;:&quot;0&quot;,&quot;title&quot;:&quot;&quot;,&quot;orientation&quot;:&quot;0&quot;}\" data-image-title=\"Laptop3\" data-image-description=\"\" data-image-caption=\"\" data-medium-file=\"https:\/\/www.plenio-online.de\/wp-content\/uploads\/2020\/02\/Laptop3-300x200.jpg\" data-large-file=\"https:\/\/www.plenio-online.de\/wp-content\/uploads\/2020\/02\/Laptop3-1024x683.jpg\" src=\"https:\/\/www.plenio-online.de\/wp-content\/uploads\/2020\/02\/Laptop3-1024x683.jpg\" alt=\"\" data-id=\"77\" data-full-url=\"https:\/\/www.plenio-online.de\/wp-content\/uploads\/2020\/02\/Laptop3.jpg\" data-link=\"https:\/\/www.plenio-online.de\/?attachment_id=77\" class=\"wp-image-77\" srcset=\"https:\/\/www.plenio-online.de\/wp-content\/uploads\/2020\/02\/Laptop3-1024x683.jpg 1024w, https:\/\/www.plenio-online.de\/wp-content\/uploads\/2020\/02\/Laptop3-230x153.jpg 230w, https:\/\/www.plenio-online.de\/wp-content\/uploads\/2020\/02\/Laptop3-600x400.jpg 600w, https:\/\/www.plenio-online.de\/wp-content\/uploads\/2020\/02\/Laptop3-300x200.jpg 300w, https:\/\/www.plenio-online.de\/wp-content\/uploads\/2020\/02\/Laptop3-768x512.jpg 768w, https:\/\/www.plenio-online.de\/wp-content\/uploads\/2020\/02\/Laptop3-1536x1024.jpg 1536w, https:\/\/www.plenio-online.de\/wp-content\/uploads\/2020\/02\/Laptop3-2048x1366.jpg 2048w, https:\/\/www.plenio-online.de\/wp-content\/uploads\/2020\/02\/Laptop3-360x240.jpg 360w\" sizes=\"(max-width: 1024px) 100vw, 1024px\" \/><\/figure><\/li><\/ul><figcaption class=\"blocks-gallery-caption\">Hat man die Plastikabdeckung entfernt, zieht man noch ein eventuell vorhandenes DVD Laufwerk ab. Ausserdem sollte man als Erstes das Kabel des Akkus abstecken!<br>Jetzt sieht man wieder ganz viele weitere Schrauben und ganze viele kleine Kabel. Sp\u00e4testens HIER sollte ein Fachmann \u00fcbernehmen! Denn das L\u00f6sen der Kabel und der weiteren Schrauben sollte sehr vorsichtig erfolgen, schlie\u00dflich haben wir hier das Mainboard.<\/figcaption><\/figure>\n\n\n\n<figure class=\"wp-block-image size-large\"><img loading=\"lazy\" decoding=\"async\" width=\"1024\" height=\"683\" data-attachment-id=\"78\" data-permalink=\"https:\/\/www.plenio-online.de\/index.php\/laptop-mit-simplen-trick-wieder-funktionstuechtig-machen\/laptop4\/\" data-orig-file=\"https:\/\/www.plenio-online.de\/wp-content\/uploads\/2020\/02\/Laptop4.jpg\" data-orig-size=\"2500,1667\" data-comments-opened=\"1\" data-image-meta=\"{&quot;aperture&quot;:&quot;0&quot;,&quot;credit&quot;:&quot;&quot;,&quot;camera&quot;:&quot;&quot;,&quot;caption&quot;:&quot;&quot;,&quot;created_timestamp&quot;:&quot;0&quot;,&quot;copyright&quot;:&quot;&quot;,&quot;focal_length&quot;:&quot;0&quot;,&quot;iso&quot;:&quot;0&quot;,&quot;shutter_speed&quot;:&quot;0&quot;,&quot;title&quot;:&quot;&quot;,&quot;orientation&quot;:&quot;0&quot;}\" data-image-title=\"Laptop4\" data-image-description=\"\" data-image-caption=\"\" data-medium-file=\"https:\/\/www.plenio-online.de\/wp-content\/uploads\/2020\/02\/Laptop4-300x200.jpg\" data-large-file=\"https:\/\/www.plenio-online.de\/wp-content\/uploads\/2020\/02\/Laptop4-1024x683.jpg\" src=\"https:\/\/www.plenio-online.de\/wp-content\/uploads\/2020\/02\/Laptop4-1024x683.jpg\" alt=\"\" class=\"wp-image-78\" srcset=\"https:\/\/www.plenio-online.de\/wp-content\/uploads\/2020\/02\/Laptop4-1024x683.jpg 1024w, https:\/\/www.plenio-online.de\/wp-content\/uploads\/2020\/02\/Laptop4-230x153.jpg 230w, https:\/\/www.plenio-online.de\/wp-content\/uploads\/2020\/02\/Laptop4-600x400.jpg 600w, https:\/\/www.plenio-online.de\/wp-content\/uploads\/2020\/02\/Laptop4-300x200.jpg 300w, https:\/\/www.plenio-online.de\/wp-content\/uploads\/2020\/02\/Laptop4-768x512.jpg 768w, https:\/\/www.plenio-online.de\/wp-content\/uploads\/2020\/02\/Laptop4-1536x1024.jpg 1536w, https:\/\/www.plenio-online.de\/wp-content\/uploads\/2020\/02\/Laptop4-2048x1366.jpg 2048w, https:\/\/www.plenio-online.de\/wp-content\/uploads\/2020\/02\/Laptop4-360x240.jpg 360w\" sizes=\"(max-width: 1024px) 100vw, 1024px\" \/><figcaption>Hat man alle Schrauben und Kabel vorsichtig gel\u00f6st, kann man das Mainboard anheben. Auf der Unterseite sehen wir dann das Problemkind! Die Mainboard Batterie, die tauscht man jetzt gegen eine Neue aus.<\/figcaption><\/figure>\n\n\n\n<figure class=\"wp-block-image size-large\"><img loading=\"lazy\" decoding=\"async\" width=\"1024\" height=\"630\" data-attachment-id=\"79\" data-permalink=\"https:\/\/www.plenio-online.de\/index.php\/laptop-mit-simplen-trick-wieder-funktionstuechtig-machen\/laptop5\/\" data-orig-file=\"https:\/\/www.plenio-online.de\/wp-content\/uploads\/2020\/02\/Laptop5.jpg\" data-orig-size=\"2500,1537\" data-comments-opened=\"1\" data-image-meta=\"{&quot;aperture&quot;:&quot;0&quot;,&quot;credit&quot;:&quot;&quot;,&quot;camera&quot;:&quot;&quot;,&quot;caption&quot;:&quot;&quot;,&quot;created_timestamp&quot;:&quot;0&quot;,&quot;copyright&quot;:&quot;&quot;,&quot;focal_length&quot;:&quot;0&quot;,&quot;iso&quot;:&quot;0&quot;,&quot;shutter_speed&quot;:&quot;0&quot;,&quot;title&quot;:&quot;&quot;,&quot;orientation&quot;:&quot;0&quot;}\" data-image-title=\"Laptop5\" data-image-description=\"\" data-image-caption=\"\" data-medium-file=\"https:\/\/www.plenio-online.de\/wp-content\/uploads\/2020\/02\/Laptop5-300x184.jpg\" data-large-file=\"https:\/\/www.plenio-online.de\/wp-content\/uploads\/2020\/02\/Laptop5-1024x630.jpg\" src=\"https:\/\/www.plenio-online.de\/wp-content\/uploads\/2020\/02\/Laptop5-1024x630.jpg\" alt=\"\" class=\"wp-image-79\" srcset=\"https:\/\/www.plenio-online.de\/wp-content\/uploads\/2020\/02\/Laptop5-1024x630.jpg 1024w, https:\/\/www.plenio-online.de\/wp-content\/uploads\/2020\/02\/Laptop5-230x141.jpg 230w, https:\/\/www.plenio-online.de\/wp-content\/uploads\/2020\/02\/Laptop5-600x369.jpg 600w, https:\/\/www.plenio-online.de\/wp-content\/uploads\/2020\/02\/Laptop5-300x184.jpg 300w, https:\/\/www.plenio-online.de\/wp-content\/uploads\/2020\/02\/Laptop5-768x472.jpg 768w, https:\/\/www.plenio-online.de\/wp-content\/uploads\/2020\/02\/Laptop5-1536x944.jpg 1536w, https:\/\/www.plenio-online.de\/wp-content\/uploads\/2020\/02\/Laptop5-2048x1259.jpg 2048w\" sizes=\"(max-width: 1024px) 100vw, 1024px\" \/><figcaption>Jetzt kann man den Laptop wieder in umgekehrter Reihenfolge zusammen schrauben. Die Kabel wieder anstecken. DVD Laufwerk einbauen. etc pp. Und auch wichtig die Stellen wieder abkleben wo vorher die gelben Klebestreifen drauf gewesen sind! Das verhindert Kurzschl\u00fcsse durch Kontakt. Ich hab bei diesem Ger\u00e4t noch zus\u00e4tzlich \u00fcber die WLAN Kontakte einen Klebestreifen angebracht. Da mir dort die Kabel sehr fragil ausgesehen haben.<\/figcaption><\/figure>\n\n\n\n<figure class=\"wp-block-image size-large\"><img loading=\"lazy\" decoding=\"async\" width=\"1024\" height=\"1017\" data-attachment-id=\"80\" data-permalink=\"https:\/\/www.plenio-online.de\/index.php\/laptop-mit-simplen-trick-wieder-funktionstuechtig-machen\/laptop6\/\" data-orig-file=\"https:\/\/www.plenio-online.de\/wp-content\/uploads\/2020\/02\/Laptop6.jpg\" data-orig-size=\"2500,2484\" data-comments-opened=\"1\" data-image-meta=\"{&quot;aperture&quot;:&quot;0&quot;,&quot;credit&quot;:&quot;&quot;,&quot;camera&quot;:&quot;&quot;,&quot;caption&quot;:&quot;&quot;,&quot;created_timestamp&quot;:&quot;0&quot;,&quot;copyright&quot;:&quot;&quot;,&quot;focal_length&quot;:&quot;0&quot;,&quot;iso&quot;:&quot;0&quot;,&quot;shutter_speed&quot;:&quot;0&quot;,&quot;title&quot;:&quot;&quot;,&quot;orientation&quot;:&quot;0&quot;}\" data-image-title=\"Laptop6\" data-image-description=\"\" data-image-caption=\"\" data-medium-file=\"https:\/\/www.plenio-online.de\/wp-content\/uploads\/2020\/02\/Laptop6-300x298.jpg\" data-large-file=\"https:\/\/www.plenio-online.de\/wp-content\/uploads\/2020\/02\/Laptop6-1024x1017.jpg\" src=\"https:\/\/www.plenio-online.de\/wp-content\/uploads\/2020\/02\/Laptop6-1024x1017.jpg\" alt=\"\" class=\"wp-image-80\" srcset=\"https:\/\/www.plenio-online.de\/wp-content\/uploads\/2020\/02\/Laptop6-1024x1017.jpg 1024w, https:\/\/www.plenio-online.de\/wp-content\/uploads\/2020\/02\/Laptop6-230x229.jpg 230w, https:\/\/www.plenio-online.de\/wp-content\/uploads\/2020\/02\/Laptop6-160x160.jpg 160w, https:\/\/www.plenio-online.de\/wp-content\/uploads\/2020\/02\/Laptop6-600x596.jpg 600w, https:\/\/www.plenio-online.de\/wp-content\/uploads\/2020\/02\/Laptop6-300x298.jpg 300w, https:\/\/www.plenio-online.de\/wp-content\/uploads\/2020\/02\/Laptop6-150x150.jpg 150w, https:\/\/www.plenio-online.de\/wp-content\/uploads\/2020\/02\/Laptop6-768x763.jpg 768w, https:\/\/www.plenio-online.de\/wp-content\/uploads\/2020\/02\/Laptop6-1536x1526.jpg 1536w, https:\/\/www.plenio-online.de\/wp-content\/uploads\/2020\/02\/Laptop6-2048x2035.jpg 2048w, https:\/\/www.plenio-online.de\/wp-content\/uploads\/2020\/02\/Laptop6-50x50.jpg 50w\" sizes=\"(max-width: 1024px) 100vw, 1024px\" \/><figcaption>Und siehe da&#8230; Es werde wieder Licht! Der Laptop funktioniert wieder einwandfrei.<\/figcaption><\/figure>\n\n\n\n<p>Leider war es bei diesem Laptop nicht ganz so simpel bzw. einfach. Da ich ja anfangs von einer Kettenreaktion gesprochen hatte. Leider war auch noch diese Akkuelektronik hin\u00fcber, so dass der ganze Akku getauscht werden musste. Da das Ger\u00e4t aber eh einmal offen gewesen ist war das ein Klacks.<\/p>\n\n\n\n<p>Den Fehler oder das Problem gibt es n\u00e4mlich auch sehr h\u00e4ufig ohne das der Akku kaputt ist. Dann kostet die Reparatur an Material wenige Cent. Leider ist das Aufschrauben und die Batterie finden meistens sehr zeitaufwendig. Denn die wenigsten Ger\u00e4te haben die Bios Batterie direkt sichtbar verbaut. Insgesamt hat die Reparatur des Ger\u00e4tes so 2 Stunden gedauert, plus eine Vielzahl an Stunden die Windows dann gebraucht hat um die defekte Installation zu reparieren. Aber am Ende war der Kunde gl\u00fccklich da alle Daten gerettet sind und das teure Ger\u00e4t wieder hoffentlich auf viele Jahre funktioniert.<\/p>\n","protected":false},"excerpt":{"rendered":"<p>Der Schreck sitzt tief&#8230; Man m\u00f6chte seinen teuren Laptop \/ Notebook wieder anschalten und was passiert? Nichts oder nicht viel. Im folgenden Beispiel wurde das Windows Funktionsupdate 1909 installiert, leider \u00fcber den Akku und dieser hat w\u00e4hrend des Update Vorganges den Geist aufgegeben. Anstatt aber ruhig zu bleiben hat der [&hellip;]<\/p>\n","protected":false},"author":1,"featured_media":77,"parent":0,"menu_order":0,"comment_status":"closed","ping_status":"closed","template":"","meta":{"footnotes":""},"yoast_head":"<!-- This site is optimized with the Yoast SEO plugin v21.7 - https:\/\/yoast.com\/wordpress\/plugins\/seo\/ -->\n<title>Laptop mit simplen Trick wieder funktionst\u00fcchtig machen<\/title>\n<meta name=\"robots\" content=\"index, follow, max-snippet:-1, max-image-preview:large, max-video-preview:-1\" \/>\n<link rel=\"canonical\" href=\"https:\/\/www.plenio-online.de\/index.php\/laptop-mit-simplen-trick-wieder-funktionstuechtig-machen\/\" \/>\n<meta property=\"og:locale\" content=\"de_DE\" \/>\n<meta property=\"og:type\" content=\"article\" \/>\n<meta property=\"og:title\" content=\"Laptop mit simplen Trick wieder funktionst\u00fcchtig machen\" \/>\n<meta property=\"og:description\" content=\"Der Schreck sitzt tief&#8230; Man m\u00f6chte seinen teuren Laptop \/ Notebook wieder anschalten und was passiert? Nichts oder nicht viel. Im folgenden Beispiel wurde das Windows Funktionsupdate 1909 installiert, leider \u00fcber den Akku und dieser hat w\u00e4hrend des Update Vorganges den Geist aufgegeben. Anstatt aber ruhig zu bleiben hat der [&hellip;]\" \/>\n<meta property=\"og:url\" content=\"https:\/\/www.plenio-online.de\/index.php\/laptop-mit-simplen-trick-wieder-funktionstuechtig-machen\/\" \/>\n<meta property=\"og:site_name\" content=\"Computerservice Ronny Plenio\" \/>\n<meta property=\"article:modified_time\" content=\"2020-03-20T13:18:45+00:00\" \/>\n<meta property=\"og:image\" content=\"https:\/\/www.plenio-online.de\/wp-content\/uploads\/2020\/02\/Laptop3.jpg\" \/>\n\t<meta property=\"og:image:width\" content=\"2500\" \/>\n\t<meta property=\"og:image:height\" content=\"1667\" \/>\n\t<meta property=\"og:image:type\" content=\"image\/jpeg\" \/>\n<meta name=\"twitter:card\" content=\"summary_large_image\" \/>\n<meta name=\"twitter:label1\" content=\"Gesch\u00e4tzte Lesezeit\" \/>\n\t<meta name=\"twitter:data1\" content=\"2\u00a0Minuten\" \/>\n<script type=\"application\/ld+json\" class=\"yoast-schema-graph\">{\"@context\":\"https:\/\/schema.org\",\"@graph\":[{\"@type\":\"WebPage\",\"@id\":\"https:\/\/www.plenio-online.de\/index.php\/laptop-mit-simplen-trick-wieder-funktionstuechtig-machen\/\",\"url\":\"https:\/\/www.plenio-online.de\/index.php\/laptop-mit-simplen-trick-wieder-funktionstuechtig-machen\/\",\"name\":\"Laptop mit simplen Trick wieder funktionst\u00fcchtig machen\",\"isPartOf\":{\"@id\":\"https:\/\/www.plenio-online.de\/#website\"},\"datePublished\":\"2020-02-25T13:49:02+00:00\",\"dateModified\":\"2020-03-20T13:18:45+00:00\",\"breadcrumb\":{\"@id\":\"https:\/\/www.plenio-online.de\/index.php\/laptop-mit-simplen-trick-wieder-funktionstuechtig-machen\/#breadcrumb\"},\"inLanguage\":\"de\",\"potentialAction\":[{\"@type\":\"ReadAction\",\"target\":[\"https:\/\/www.plenio-online.de\/index.php\/laptop-mit-simplen-trick-wieder-funktionstuechtig-machen\/\"]}]},{\"@type\":\"BreadcrumbList\",\"@id\":\"https:\/\/www.plenio-online.de\/index.php\/laptop-mit-simplen-trick-wieder-funktionstuechtig-machen\/#breadcrumb\",\"itemListElement\":[{\"@type\":\"ListItem\",\"position\":1,\"name\":\"Startseite\",\"item\":\"https:\/\/www.plenio-online.de\/\"},{\"@type\":\"ListItem\",\"position\":2,\"name\":\"Laptop mit simplen Trick wieder funktionst\u00fcchtig machen\"}]},{\"@type\":\"WebSite\",\"@id\":\"https:\/\/www.plenio-online.de\/#website\",\"url\":\"https:\/\/www.plenio-online.de\/\",\"name\":\"Computerservice Ronny Plenio\",\"description\":\"\",\"potentialAction\":[{\"@type\":\"SearchAction\",\"target\":{\"@type\":\"EntryPoint\",\"urlTemplate\":\"https:\/\/www.plenio-online.de\/?s={search_term_string}\"},\"query-input\":\"required name=search_term_string\"}],\"inLanguage\":\"de\"}]}<\/script>\n<!-- \/ Yoast SEO plugin. -->","yoast_head_json":{"title":"Laptop mit simplen Trick wieder funktionst\u00fcchtig machen","robots":{"index":"index","follow":"follow","max-snippet":"max-snippet:-1","max-image-preview":"max-image-preview:large","max-video-preview":"max-video-preview:-1"},"canonical":"https:\/\/www.plenio-online.de\/index.php\/laptop-mit-simplen-trick-wieder-funktionstuechtig-machen\/","og_locale":"de_DE","og_type":"article","og_title":"Laptop mit simplen Trick wieder funktionst\u00fcchtig machen","og_description":"Der Schreck sitzt tief&#8230; Man m\u00f6chte seinen teuren Laptop \/ Notebook wieder anschalten und was passiert? Nichts oder nicht viel. Im folgenden Beispiel wurde das Windows Funktionsupdate 1909 installiert, leider \u00fcber den Akku und dieser hat w\u00e4hrend des Update Vorganges den Geist aufgegeben. Anstatt aber ruhig zu bleiben hat der [&hellip;]","og_url":"https:\/\/www.plenio-online.de\/index.php\/laptop-mit-simplen-trick-wieder-funktionstuechtig-machen\/","og_site_name":"Computerservice Ronny Plenio","article_modified_time":"2020-03-20T13:18:45+00:00","og_image":[{"width":2500,"height":1667,"url":"https:\/\/www.plenio-online.de\/wp-content\/uploads\/2020\/02\/Laptop3.jpg","type":"image\/jpeg"}],"twitter_card":"summary_large_image","twitter_misc":{"Gesch\u00e4tzte Lesezeit":"2\u00a0Minuten"},"schema":{"@context":"https:\/\/schema.org","@graph":[{"@type":"WebPage","@id":"https:\/\/www.plenio-online.de\/index.php\/laptop-mit-simplen-trick-wieder-funktionstuechtig-machen\/","url":"https:\/\/www.plenio-online.de\/index.php\/laptop-mit-simplen-trick-wieder-funktionstuechtig-machen\/","name":"Laptop mit simplen Trick wieder funktionst\u00fcchtig machen","isPartOf":{"@id":"https:\/\/www.plenio-online.de\/#website"},"datePublished":"2020-02-25T13:49:02+00:00","dateModified":"2020-03-20T13:18:45+00:00","breadcrumb":{"@id":"https:\/\/www.plenio-online.de\/index.php\/laptop-mit-simplen-trick-wieder-funktionstuechtig-machen\/#breadcrumb"},"inLanguage":"de","potentialAction":[{"@type":"ReadAction","target":["https:\/\/www.plenio-online.de\/index.php\/laptop-mit-simplen-trick-wieder-funktionstuechtig-machen\/"]}]},{"@type":"BreadcrumbList","@id":"https:\/\/www.plenio-online.de\/index.php\/laptop-mit-simplen-trick-wieder-funktionstuechtig-machen\/#breadcrumb","itemListElement":[{"@type":"ListItem","position":1,"name":"Startseite","item":"https:\/\/www.plenio-online.de\/"},{"@type":"ListItem","position":2,"name":"Laptop mit simplen Trick wieder funktionst\u00fcchtig machen"}]},{"@type":"WebSite","@id":"https:\/\/www.plenio-online.de\/#website","url":"https:\/\/www.plenio-online.de\/","name":"Computerservice Ronny Plenio","description":"","potentialAction":[{"@type":"SearchAction","target":{"@type":"EntryPoint","urlTemplate":"https:\/\/www.plenio-online.de\/?s={search_term_string}"},"query-input":"required name=search_term_string"}],"inLanguage":"de"}]}},"jetpack_sharing_enabled":true,"jetpack_shortlink":"https:\/\/wp.me\/PaOZXD-1b","_links":{"self":[{"href":"https:\/\/www.plenio-online.de\/index.php\/wp-json\/wp\/v2\/pages\/73"}],"collection":[{"href":"https:\/\/www.plenio-online.de\/index.php\/wp-json\/wp\/v2\/pages"}],"about":[{"href":"https:\/\/www.plenio-online.de\/index.php\/wp-json\/wp\/v2\/types\/page"}],"author":[{"embeddable":true,"href":"https:\/\/www.plenio-online.de\/index.php\/wp-json\/wp\/v2\/users\/1"}],"replies":[{"embeddable":true,"href":"https:\/\/www.plenio-online.de\/index.php\/wp-json\/wp\/v2\/comments?post=73"}],"version-history":[{"count":7,"href":"https:\/\/www.plenio-online.de\/index.php\/wp-json\/wp\/v2\/pages\/73\/revisions"}],"predecessor-version":[{"id":1331,"href":"https:\/\/www.plenio-online.de\/index.php\/wp-json\/wp\/v2\/pages\/73\/revisions\/1331"}],"wp:featuredmedia":[{"embeddable":true,"href":"https:\/\/www.plenio-online.de\/index.php\/wp-json\/wp\/v2\/media\/77"}],"wp:attachment":[{"href":"https:\/\/www.plenio-online.de\/index.php\/wp-json\/wp\/v2\/media?parent=73"}],"curies":[{"name":"wp","href":"https:\/\/api.w.org\/{rel}","templated":true}]}}